 76 = 3*y - 3*k. Suppose 15*r - 14*r = y. Does 23 divide r?
False
Let u = -616 - -1041. Is u a multiple of 17?
True
Suppose 4 - 2 = -m. Let u be 0/(2 - 2 - m). Suppose -3*a + 3 = u, w + a - 6 = 16. Is 7 a factor of w?
True
Let k(h) = 8*h**3 - 3*h**2 + 11*h - 6. Is 4 a factor of k(2)?
True
Let a be (-3)/3 + 8 - 3. Suppose 0*n - 113 = -2*w + 3*n, -a*n - 4 = 0. Suppose -5*t = -w - 5. Is t a multiple of 4?
True
Is (-12)/(-36) + -1*(-1248)/9 a multiple of 14?
False
Let t(y) = 23*y - 316. Is 7 a factor of t(48)?
False
Suppose -4*s + 2728 = -2*l, -4*s - 4*l + 391 = -2361. Is s a multiple of 57?
True
Let a(o) = o**2 + 11*o. Let c be a(-11). Suppose -5*p - 25 = c, -2*p = 3*s - 0 - 23. Suppose -2*u - 2*v = -4*u + 14, s = -u - 5*v. Does 3 divide u?
False
Let d(l) = 19*l. Is d(5) a multiple of 5?
True
Suppose -3*d = -d - 4. Let k = d + -6. Is 338/8 - (-1)/k a multiple of 14?
True
Suppose 1355 = q + 2*g, -5*q - 71*g + 76*g = -6760. Is 67 a factor of q?
False
Suppose 3*a + 3*v = 105, 0 = 3*a - 2*a - 5*v - 59. Suppose -4*n + 4 = 0, a = r - 0*r - n. Is r a multiple of 20?
True
Suppose -12*m + 9282 = 30*m. Does 17 divide m?
True
Let h(v) = -v**3 - 5*v**2 - 7*v + 7. Let x be h(-4). Suppose 86 = 5*z + 3*a, -a - x = 5*z - 111. Is 6 a factor of z?
False
Let c = -74 + 207. Is 17 a factor of c?
False
Let j(c) = -c**3 - 9*c**2 - 10*c - 2. Let v be j(-8). Let h be (-228)/(-84) + 4/v. Suppose -2*o + 2*t = -3*t - 99, -5*o + h*t + 219 = 0. Does 12 divide o?
False
Let v(g) = -293*g - 20. Does 6 divide v(-4)?
True
Let h(j) = -5*j - 111. Is 4 a factor of h(-33)?
False
Does 26 divide -14*(9282/252)/(2/(-6))?
False
Let q = -1701 + 3222. Does 117 divide q?
True
Let n = -1 - -15. Let c = n - 9. Suppose -34 = c*o - 7*o. Is o a multiple of 8?
False
Let r(f) be the third derivative of -f**4/24 - 3*f**3/2 + 3*f**2. Suppose -2*p - 5 = 25. Is 3 a factor of r(p)?
True
Let n(u) = -u**2 - 6*u - 6. Let l be n(-4). Suppose 3*t - 133 = 2*f, -f - 96 = -l*t + 4*f. Does 10 divide t?
False
Suppose -7*y + 10 = 3*y. Let n be (-6)/2*(26 - 3). Is 14 a factor of 3 - (n/y + 2)?
True
Let m = 113 - 84. Suppose -1326 = 12*x - m*x. Is x a multiple of 13?
True
Suppose -3*v = v + 2*b - 126, -4*v + 5*b + 105 = 0. Suppose 0 = 2*k - k - v. Does 3 divide k?
True
Let x(d) be the second derivative of d**5/20 + 3*d**4/4 + 5*d**3/6 - 3*d**2/2 + 16*d. Suppose i = -1 - 7. Is x(i) a multiple of 15?
False
Let a(m) = 2*m + 10. Let l be (-1 - -1 - -1)*12. Let j be 80/l*(-12)/(-8). Is a(j) a multiple of 10?
True
Let i = -297 + 697. Is 94 a factor of i?
False
Let g = 16 + -12. Suppose -2*t + 18 = 5*r, 3*t + 19 = -5*r + 51. Suppose g*s + 2 - t = -5*x, 0 = -4*s + 4*x + 48. Does 7 divide s?
False
Let g(k) = -1032*k - 3. Is g(-1) a multiple of 15?
False
Let m(u) be the first derivative of u**3 + 9*u**2/2 - u - 1. Let b be m(-4). Suppose -72 = b*g - 14*g. Does 9 divide g?
False
Let b(a) = 3*a + 8 + a + 4*a**2 - 5 - 2*a**2. Let l be b(-2). Suppose 0 = 2*h + l*n - 2*n - 26, -5*n = 5*h - 75. Is h a multiple of 11?
True
Let k(h) be the third derivative of h**8/3360 - h**6/240 + h**5/12 + 4*h**2. Let o(b) be the third derivative of k(b). Is o(3) a multiple of 14?
False
Let x(w) = 3*w**2 - w + 1. Let y(j) be the first derivative of j**3/3 - 7*j**2/2 + 5*j + 6. Let u be y(5). Is x(u) a multiple of 27?
True
Suppose 2*z - z + 2*j - 108 = 0, 516 = 5*z - 2*j. Suppose -4*b = -3*p - 193, b + 146 = 4*b - 2*p. Let w = z - b. Does 13 divide w?
True
Let f(j) = j**3 - 8*j**2 - 11*j + 10. Let h be f(9). Let b be h/24 - (-1117)/3. Suppose -4*o = 5*w - 417, -2*w = 4*o - 6*w - b. Is 21 a factor of o?
False
Suppose b - 62 = 44. Suppose 0 = -4*s + 558 - b. Is s a multiple of 21?
False
Let q(y) = -y**3 + 19*y**2 - 13*y. Let v be -2 + 14/10 - 465/(-25). Is 14 a factor of q(v)?
False
Let h(g) = -34*g + 6. Suppose 2*j + 4 = -2. Does 14 divide h(j)?
False
Let i = 5 - 0. Suppose 0 = 3*d - 5*m - 179, 10 = -2*d + i*m + 121. Is d a multiple of 11?
False
Let z be (-8)/28 - (-228)/14. Suppose -126 + 316 = 5*q. Let o = z + q. Is 17 a factor of o?
False
Let d(f) = 8*f**2 + 12*f + 126. Is d(15) a multiple of 13?
True
Suppose -i = 5*u + 23 - 5, 5*i - 5*u = 30. Let s(j) = -11*j**i + 0 - 2 + 39*j**2. Is 7 a factor of s(1)?
False
Suppose 2*m - 64 = 2*z, -7*z - 67 = -2*m - 6*z. Does 7 divide m?
True
Let d(z) = 5*z**3 + 3*z**2 - 2*z - 2. Let o(k) = 4*k**3 + 3*k**2 - 2*k - 1. Let i(c) = -3*d(c) + 4*o(c). Is 8 a factor of i(2)?
False
Let z(i) = i**2 - 4*i + 8. Let b = -24 - -13. Let s = b + 19. Does 10 divide z(s)?
True
Suppose -3*r = -l + 51, 18 + 80 = 2*l - 5*r. Suppose -10*u + l = -7*u. Does 2 divide u?
False
Let n = -54 - -1297. Is n a multiple of 12?
False
Let f(o) be the second derivative of o**4/12 - 3*o**3/2 - 3*o**2 - 5*o. Let g be f(10). Suppose 0 = u + 5*p, 0 = -5*u + u + g*p + 48. Does 4 divide u?
False
Suppose 4*j - r - 2360 = 0, -j + 2*r + 590 = -0*j. Is 3 a factor of j/(-177)*(45/2)/(-3)?
False
Let f = -2898 + 4068. Is 30 a factor of f?
True
Let t(f) = 13*f**3 + 5*f**2 + 15*f - 72. Does 16 divide t(8)?
True
Suppose -4*y = -4*j - 164, -2*j - 84 = 2*y - 5*y. Let i = j - -123. Does 15 divide i?
False
Let w = -936 - -1431. Is 9 a factor of w?
True
Suppose 0 = 2*f - 4*h + 12, 3*f - 3*h = f - 8. Suppose f*m = r - 150, -461 = -3*r - 7*m + 2*m. Is r a multiple of 18?
False
Let a be 2 + (-7)/3 - 7500/(-36). Suppose -t = 3*t - a. Is 26 a factor of t?
True
Let z be 10/(-4)*(-16)/8. Does 7 divide -4*(-4)/(-40) + 42/z?
False
Let q(p) = 36*p - 194. Is 11 a factor of q(39)?
True
Let a(o) = -o**3 + 2*o**2 + 42. Let u = -79 + 79. Does 6 divide a(u)?
True
Suppose 17*a = 7907 + 3228. Does 27 divide a?
False
Suppose -101*x - 5352 = -113*x. Does 9 divide x?
False
Suppose 3*u + 5*x = 688, 1425 = 4*u + 3*x + 504. Suppose -15*y + 18*y = u. Is 32 a factor of y?
False
Let r be (1/(-3))/((-2)/(-30)). Let a be 47/2 + r/(-10). Suppose -i + a = -9. Is i a multiple of 11?
True
Let z(l) = l**2 - 6 + 0*l + 3 + 2*l. Let k(a) = -a**3 + 5*a**2 - 5*a - 4. Let f be k(4). Is z(f) a multiple of 15?
True
Let s(z) = 60*z + 3. Let b be (-1 + (-2 - -4))/1. Is s(b) a multiple of 14?
False
Let x(s) = -3*s**2 - 3*s - 1. Let m be x(-2). Let o(u) = -u**3 - 7*u**2 - 3*u + 2. Is o(m) a multiple of 7?
False
Let n(d) = -8*d. Let v be n(-7). Suppose 235 = -a - v. Does 9 divide a/(-15) - 6/(-10)?
False
Let l = -636 - -1381. Suppose v - 6*v + l = 0. Suppose i - 5*i - 86 = -2*a, 3*a + 4*i = v. Is 18 a factor of a?
False
Let m = -1926 + 2586. Is 3 a factor of m?
True
Let p(d) = 6*d**2 + 7*d - 9. Let f be p(-9). Suppose 3*i - 371 = 5*g - 78, 4*i - f = 2*g. Is 17 a factor of i?
False
Let k(b) = 7*b**2 - 2*b + 2. Let x(h) = h**2 + 2*h - 5. Let y = -5 + 1. Let m be x(y). Is k(m) a multiple of 17?
False
Suppose 3 = 51*k - 54*k. Let p = 4 - 6. Does 2 divide 5 - (k - p) - 0?
True
Let l be 15/(1*(-3)/(-9)). Suppose -l = -w + 24. Does 20 divide w?
False
Let c = 13 + -11. Let t be -4*((-1)/c + 0). Suppose 4*m = 5*p + 36, 3*m = t*p + 21 + 6. Is 4 a factor of m?
False
Let q be (28/(-5))/(2/(-5)). Let f = q + -7. Let c(b) = 2*b - 4. Is 4 a factor of c(f)?
False
Suppose 15 = 5*k + 2*g - g, g - 12 = -4*k. Suppose 0 = 5*v + k*p - 346, 143 = 5*v - 4*p - 189. Suppose -v = -8*x + 4*x. Is x even?
False
Suppose o - 6 - 6 = -i, -o = -3*i - 4. Let f = o - -14. Is 4 a factor of f?
True
Let q(k) = 101*k**2 - 34*k - 7. Does 13 divide q(3)?
False
Let o(c) = 8*c + 3. Let p be o(0). Suppose p*j = 2*j + 56. Does 4 divide j?
True
Let q = -31 - -42. Suppose l - q = -3. Suppose l*v = v + 378. Is 18 a factor of v?
True
Suppose -5*i - 515 = 3*u - i, 4*u = -2*i - 670. Is 11 a factor of 2/(6*(-1)/u)?
True
Let m(s) = -s**2 + 26*s + 38. Let k be m(20). Suppose k = z - 176. Is 18 a factor of z?
False
Let o(m) be the third derivative of -m**6/120 - 7*m**5/60 - m**4/8 + 2*m**3/3 + 6*m**2. Let s be o(-7). Suppose -4*h + s = h. Is 5 a factor of h?
True
Let x = 316 - 168. Suppose -5*p + x = -482. Is 21 a factor of p?
True
Let u = -311 - -491. Suppose 0 = -3*l - 5*n + 180, -2*n = 3*l - 6*n - u. Does 18 divide l?
False
Let y = -206 + 478. Does 16 divide y?
True
Suppose 4*w = -2*x + 296, 5*x - 847 = -2*w - 115. Suppose -5*r = -x + 91. Is r a multiple of 11?
True
Let s(l) = -l**3 - 9*l**2 + 8. Let v(h) = -4*h + 7*h + 1 - 3*h - h**2. Let j(b) = s(b) - 3*v(b